{"id":66,"date":"2020-03-19T12:58:34","date_gmt":"2020-03-19T11:58:34","guid":{"rendered":"http:\/\/localhost:8893\/jm4\/?page_id=66"},"modified":"2022-03-14T13:05:06","modified_gmt":"2022-03-14T12:05:06","slug":"lassociation","status":"publish","type":"page","link":"http:\/\/cestpourtoi.fr\/","title":{"rendered":"L&rsquo;Association"},"content":{"rendered":"<p>[et_pb_section fb_built=\u00a0\u00bb1&Prime; _builder_version=\u00a0\u00bb4.4.8&Prime; custom_margin=\u00a0\u00bb||22px|||\u00a0\u00bb custom_padding=\u00a0\u00bb||17px|||\u00a0\u00bb][et_pb_row column_structure=\u00a0\u00bb1_2,1_2&Prime; _builder_version=\u00a0\u00bb4.4.8&Prime;][et_pb_column type=\u00a0\u00bb1_2&Prime; _builder_version=\u00a0\u00bb4.4.8&Prime;][et_pb_image src=\u00a0\u00bbhttp:\/\/cestpourtoi.fr\/wp-content\/uploads\/2022\/03\/Cestpourtoi-Eric-scaled-e1647187948812.jpg\u00a0\u00bb title_text=\u00a0\u00bbCestpourtoi &#8211; Eric\u00a0\u00bb align=\u00a0\u00bbcenter\u00a0\u00bb _builder_version=\u00a0\u00bb4.5.3&Prime; width=\u00a0\u00bb100%\u00a0\u00bb max_width=\u00a0\u00bb100%\u00a0\u00bb module_alignment=\u00a0\u00bbcenter\u00a0\u00bb min_height=\u00a0\u00bb255px\u00a0\u00bb height=\u00a0\u00bb100%\u00a0\u00bb max_height=\u00a0\u00bb382px\u00a0\u00bb custom_padding=\u00a0\u00bb4px|||||\u00a0\u00bb animation_style=\u00a0\u00bbslide\u00a0\u00bb animation_direction=\u00a0\u00bbleft\u00a0\u00bb border_radii=\u00a0\u00bbon|500px|500px|500px|500px\u00a0\u00bb border_width_all=\u00a0\u00bb8px\u00a0\u00bb border_color_all=\u00a0\u00bb#1e3799&Prime; box_shadow_style=\u00a0\u00bbpreset1&Prime; box_shadow_vertical=\u00a0\u00bb0px\u00a0\u00bb box_shadow_blur=\u00a0\u00bb7px\u00a0\u00bb box_shadow_color=\u00a0\u00bbrgba(0,0,0,0.46)\u00a0\u00bb][\/et_pb_image][\/et_pb_column][et_pb_column type=\u00a0\u00bb1_2&Prime; _builder_version=\u00a0\u00bb4.4.8&Prime;][et_pb_text _builder_version=\u00a0\u00bb4.4.9&Prime; text_font_size=\u00a0\u00bb15px\u00a0\u00bb custom_margin=\u00a0\u00bb1px|-2px|-10px|||\u00a0\u00bb custom_padding=\u00a0\u00bb|19px|28px|25px||\u00a0\u00bb locked=\u00a0\u00bboff\u00a0\u00bb]<\/p>\n<p>&nbsp;<\/p>\n<p><strong>Le Mot du Pr\u00e9sident,<\/strong><\/p>\n<p style=\"text-align: justify;\"><em>\u00ab\u00a0C&rsquo;est pour toi est une association de b\u00e9n\u00e9voles qui a pour but d&rsquo;organiser des \u00e9venements et de reverser l&rsquo;int\u00e9gralit\u00e9 de la recette \u00e0 un enfant handicap\u00e9 atteint d&rsquo;une maladie g\u00e9n\u00e9tique de notre ville ou des alentours.<\/em><\/p>\n<p style=\"text-align: justify;\"><em>Nous sommes l\u00e0 pour montrer que nous pouvons aider ces enfants, leurs parents et surtout qu&rsquo;ils ne nous sont pas indiff\u00e9rents.\u00a0\u00bb<\/em><\/p>\n<p><strong>Eric MURZILLI<\/strong><\/p>\n<p>[\/et_pb_text][\/et_pb_column][\/et_pb_row][\/et_pb_section][et_pb_section fb_built=\u00a0\u00bb1&Prime; _builder_version=\u00a0\u00bb4.4.9&Prime;][et_pb_row _builder_version=\u00a0\u00bb4.4.9&Prime;][et_pb_column type=\u00a0\u00bb4_4&Prime; _builder_version=\u00a0\u00bb4.4.9&Prime;][et_pb_text _builder_version=\u00a0\u00bb4.4.9&Prime; text_font_size=\u00a0\u00bb33px\u00a0\u00bb]<\/p>\n<p>Notre \u00e9quipe de b\u00e9n\u00e9voles<\/p>\n<p>[\/et_pb_text][\/et_pb_column][\/et_pb_row][et_pb_row _builder_version=\u00a0\u00bb4.4.9&Prime;][et_pb_column type=\u00a0\u00bb4_4&Prime; _builder_version=\u00a0\u00bb4.4.9&Prime;][et_pb_gallery _builder_version=\u00a0\u00bb4.5.3&Prime; _module_preset=\u00a0\u00bbdefault\u00a0\u00bb gallery_ids=\u00a0\u00bb1269,1268&Prime; fullwidth=\u00a0\u00bbon\u00a0\u00bb animation_style=\u00a0\u00bbfade\u00a0\u00bb auto=\u00a0\u00bbon\u00a0\u00bb box_shadow_style=\u00a0\u00bbpreset3&Prime; hover_enabled=\u00a0\u00bb0&Prime;][\/et_pb_gallery][\/et_pb_column][\/et_pb_row][\/et_pb_section][et_pb_section fb_built=\u00a0\u00bb1&Prime; _builder_version=\u00a0\u00bb4.4.9&Prime;][et_pb_row _builder_version=\u00a0\u00bb4.4.9&Prime;][et_pb_column type=\u00a0\u00bb4_4&Prime; _builder_version=\u00a0\u00bb4.4.9&Prime;][et_pb_text _builder_version=\u00a0\u00bb4.4.9&Prime; text_font_size=\u00a0\u00bb33px\u00a0\u00bb]<\/p>\n<p>Nos Parrains<\/p>\n<p>[\/et_pb_text][\/et_pb_column][\/et_pb_row][\/et_pb_section][et_pb_section fb_built=\u00a0\u00bb1&Prime; _builder_version=\u00a0\u00bb4.4.8&Prime; custom_padding=\u00a0\u00bb3px||35px|||\u00a0\u00bb top_divider_style=\u00a0\u00bbarrow\u00a0\u00bb top_divider_color=\u00a0\u00bb#FFFFFF\u00a0\u00bb top_divider_height=\u00a0\u00bb52px\u00a0\u00bb locked=\u00a0\u00bboff\u00a0\u00bb][et_pb_row column_structure=\u00a0\u00bb1_2,1_2&Prime; use_custom_gutter=\u00a0\u00bbon\u00a0\u00bb make_equal=\u00a0\u00bbon\u00a0\u00bb _builder_version=\u00a0\u00bb4.4.9&Prime; background_color=\u00a0\u00bb#1e3799&Prime; max_width=\u00a0\u00bb100%\u00a0\u00bb custom_padding=\u00a0\u00bb75px|0px|49px|||\u00a0\u00bb][et_pb_column type=\u00a0\u00bb1_2&Prime; _builder_version=\u00a0\u00bb4.4.8&Prime;][et_pb_text _builder_version=\u00a0\u00bb4.4.8&Prime; text_text_color=\u00a0\u00bb#FFFFFF\u00a0\u00bb text_font_size=\u00a0\u00bb30px\u00a0\u00bb text_orientation=\u00a0\u00bbcenter\u00a0\u00bb custom_margin=\u00a0\u00bb||4px|||\u00a0\u00bb custom_padding=\u00a0\u00bb||1px|||\u00a0\u00bb text_text_shadow_style=\u00a0\u00bbpreset1&Prime;]<\/p>\n<h2><strong>Patrick CUBAYNES<\/strong><\/h2>\n<p>[\/et_pb_text][et_pb_image src=\u00a0\u00bbhttp:\/\/cestpourtoi.fr\/wp-content\/uploads\/2020\/03\/CubaynesOlympiques88.jpg\u00a0\u00bb title_text=\u00a0\u00bbCubaynesOlympiques88&Prime; align=\u00a0\u00bbcenter\u00a0\u00bb _builder_version=\u00a0\u00bb4.5.3&Prime; max_width=\u00a0\u00bb85%\u00a0\u00bb animation_style=\u00a0\u00bbslide\u00a0\u00bb box_shadow_style=\u00a0\u00bbpreset1&Prime; box_shadow_color=\u00a0\u00bb#0c2461&Prime;][\/et_pb_image][et_pb_text _builder_version=\u00a0\u00bb4.4.9&Prime; text_text_color=\u00a0\u00bb#FFFFFF\u00a0\u00bb text_font_size=\u00a0\u00bb17px\u00a0\u00bb custom_margin=\u00a0\u00bb|auto||auto|false|true\u00a0\u00bb custom_padding=\u00a0\u00bb30px|50px|30px|50px|true|true\u00a0\u00bb]<\/p>\n<p style=\"text-align: left;\">Patrick Cubaynes est un ancien footballeur professionnel n\u00e9 le 1er janvier 1960 \u00e0 Avignon (Vaucluse).<\/p>\n<p style=\"text-align: left;\">Il fut un des grands attaquants de premi\u00e8re et deuxi\u00e8me division fran\u00e7aise des ann\u00e9es 1980. Lors de sa premi\u00e8re et unique saison \u00e0 l&rsquo;Olympique de Marseille il sera un v\u00e9ritable cauchemar pour les d\u00e9fenses adverses dans le jeu a\u00e9rien . Il sera d&rsquo;ailleurs le meilleur buteur de la t\u00eate de division 1 au cours de la saison 1986\/1987.<\/p>\n<p><strong><u>Palmar\u00e8s :<\/u><\/strong><\/p>\n<ul>\n<li><strong>Champion olympique en 1984<\/strong>\u00a0avec l&rsquo;\u00e9quipe de France olympique entrain\u00e9e par Henri Michel.<\/li>\n<\/ul>\n<ul>\n<li><strong>Finaliste de la Coupe de France en 1987<\/strong>\u00a0avec l&rsquo;Olympique de Marseille.<\/li>\n<\/ul>\n<p><strong><u>Carri\u00e8re :<\/u><\/strong><\/p>\n<ul>\n<li><b>78-79 : AVIGNON \/ <\/b>2\u00e8me Division<\/li>\n<li><b>79-85 : NIMES \/ <\/b>1\u00e8re et 2\u00e8me Division<\/li>\n<li><b>85-86 : BASTIA et STRASBOURG \/ <\/b>1\u00e8re Division<\/li>\n<li><b>86-87 : MARSEILLE \/ <\/b>1\u00e8re Division<\/li>\n<li><b>87-89 : MONTPELLIER \/ <\/b>1\u00e8re Division<\/li>\n<li><b>89-91 : AVIGNON \/ <\/b>1\u00e8re Division<\/li>\n<li><b>91-92 : PAU \/ <\/b>National<\/li>\n<\/ul>\n<p>[\/et_pb_text][\/et_pb_column][et_pb_column type=\u00a0\u00bb1_2&Prime; _builder_version=\u00a0\u00bb4.4.8&Prime;][et_pb_text _builder_version=\u00a0\u00bb4.4.8&Prime; text_text_color=\u00a0\u00bb#FFFFFF\u00a0\u00bb text_font_size=\u00a0\u00bb30px\u00a0\u00bb text_orientation=\u00a0\u00bbcenter\u00a0\u00bb custom_margin=\u00a0\u00bb||4px|||\u00a0\u00bb custom_padding=\u00a0\u00bb||1px|||\u00a0\u00bb text_text_shadow_style=\u00a0\u00bbpreset1&Prime;]<\/p>\n<h2><strong>B\u00e9n\u00e9dicte BOUSQUET\u00a0<\/strong><\/h2>\n<p>[\/et_pb_text][et_pb_image src=\u00a0\u00bbhttp:\/\/cestpourtoi.fr\/wp-content\/uploads\/2022\/03\/Cestpourtoi-Benedict-Bousquet.jpg\u00a0\u00bb title_text=\u00a0\u00bbCestpourtoi &#8211; Benedict Bousquet\u00a0\u00bb align=\u00a0\u00bbcenter\u00a0\u00bb _builder_version=\u00a0\u00bb4.5.3&Prime; max_width=\u00a0\u00bb85%\u00a0\u00bb animation_style=\u00a0\u00bbslide\u00a0\u00bb box_shadow_style=\u00a0\u00bbpreset1&Prime; box_shadow_color=\u00a0\u00bb#0c2461&Prime;][\/et_pb_image][et_pb_divider show_divider=\u00a0\u00bboff\u00a0\u00bb disabled_on=\u00a0\u00bbon|on|off\u00a0\u00bb _builder_version=\u00a0\u00bb4.4.8&Prime; custom_padding=\u00a0\u00bb||0px|||\u00a0\u00bb][\/et_pb_divider][et_pb_text _builder_version=\u00a0\u00bb4.4.9&Prime; text_text_color=\u00a0\u00bb#FFFFFF\u00a0\u00bb text_font_size=\u00a0\u00bb17px\u00a0\u00bb custom_margin=\u00a0\u00bb|auto||auto|false|true\u00a0\u00bb custom_padding=\u00a0\u00bb30px|50px|30px|50px|true|true\u00a0\u00bb]<\/p>\n<p style=\"text-align: left;\">B\u00e9n\u00e9dicte BOUSQUET est d&rsquo;abord une institutrice. Elle enseigne dans une \u00e9cole maternelle d&rsquo;Orange.\u00a0<\/p>\n<p style=\"text-align: left;\">Mais c&rsquo;est dans la peau d&rsquo;une artiste que nous la connaissons le mieux. Depuis 2016, elle \u00e9volue sur sc\u00e8ne pour pr\u00e9senter ses spectacles.<\/p>\n<p style=\"text-align: left;\">D&rsquo;abord avec \u00ab\u00a0D&rsquo;\u00e9cole et moi\u00a0\u00bb puis \u00ab\u00a0Hors classe. Des One-Woman-Show compos\u00e9s d&rsquo;une serie de stetches sur des situations que B\u00e9n\u00e9dicte BOUSQUET vivait en tant qu&rsquo;institutrice et m\u00e8re de famille.<\/p>\n<p style=\"text-align: left;\">B\u00e9n\u00e9dicte BOUSQUET a jou\u00e9 ses spectacles \u00ab\u00a0D&rsquo;\u00e9cole et moi\u00a0\u00bb le vendredi 16 mars 2019 \u00e0 la salle polyvalente de Courth\u00e9zon et \u00ab\u00a0Hors classe\u00a0\u00bb le samedi 5 f\u00e9vrier 2022 \u00e0 la salle des f\u00eates de Sorgues, au profit de notre association.<\/p>\n<p>[\/et_pb_text][\/et_pb_column][\/et_pb_row][\/et_pb_section]<\/p>\n","protected":false},"excerpt":{"rendered":"<p>[et_pb_section fb_built=\u00a0\u00bb1&Prime; _builder_version=\u00a0\u00bb4.4.8&Prime; custom_margin=\u00a0\u00bb||22px|||\u00a0\u00bb custom_padding=\u00a0\u00bb||17px|||\u00a0\u00bb][et_pb_row column_structure=\u00a0\u00bb1_2,1_2&Prime; _builder_version=\u00a0\u00bb4.4.8&Prime;][et_pb_column type=\u00a0\u00bb1_2&Prime; _builder_version=\u00a0\u00bb4.4.8&Prime;][et_pb_image src=\u00a0\u00bbhttp:\/\/cestpourtoi.fr\/wp-content\/uploads\/2022\/03\/Cestpourtoi-Eric-scaled-e1647187948812.jpg\u00a0\u00bb&nbsp;[&hellip;]<\/p>\n","protected":false},"author":1,"featured_media":0,"parent":0,"menu_order":0,"comment_status":"closed","ping_status":"closed","template":"","meta":{"ngg_post_thumbnail":0,"_et_pb_use_builder":"on","_et_pb_old_content":"<!-- wp:siteorigin-panels\/layout-block {\"panelsData\":{\"widgets\":[{\"title\":\"\",\"template\":\"template-parts\/content-none.php\",\"post_type\":\"post\",\"posts_per_page\":\"\",\"orderby\":\"date\",\"order\":\"DESC\",\"sticky\":\"\",\"additional\":\"query_posts( 'cat=4');\",\"panels_info\":{\"class\":\"SiteOrigin_Panels_Widgets_PostLoop\",\"grid\":0,\"cell\":0,\"id\":0,\"widget_id\":\"7e16a8ac-a88c-4a5f-9ffa-0247fd8bef1e\",\"style\":{\"background_image_attachment\":false,\"background_display\":\"tile\",\"content_alignment\":\"left\",\"title_color\":\"#2d3142\",\"headings_color\":\"#2d3142\"}},\"more\":false}],\"grids\":[{\"cells\":1,\"style\":[]}],\"grid_cells\":[{\"grid\":0,\"index\":0,\"weight\":1,\"style\":[]}]}} \/-->\n\n<!-- wp:paragraph -->\n<p><\/p>\n<!-- \/wp:paragraph -->","_et_gb_content_width":""},"_links":{"self":[{"href":"http:\/\/cestpourtoi.fr\/index.php?rest_route=\/wp\/v2\/pages\/66"}],"collection":[{"href":"http:\/\/cestpourtoi.fr\/index.php?rest_route=\/wp\/v2\/pages"}],"about":[{"href":"http:\/\/cestpourtoi.fr\/index.php?rest_route=\/wp\/v2\/types\/page"}],"author":[{"embeddable":true,"href":"http:\/\/cestpourtoi.fr\/index.php?rest_route=\/wp\/v2\/users\/1"}],"replies":[{"embeddable":true,"href":"http:\/\/cestpourtoi.fr\/index.php?rest_route=%2Fwp%2Fv2%2Fcomments&post=66"}],"version-history":[{"count":27,"href":"http:\/\/cestpourtoi.fr\/index.php?rest_route=\/wp\/v2\/pages\/66\/revisions"}],"predecessor-version":[{"id":1541,"href":"http:\/\/cestpourtoi.fr\/index.php?rest_route=\/wp\/v2\/pages\/66\/revisions\/1541"}],"wp:attachment":[{"href":"http:\/\/cestpourtoi.fr\/index.php?rest_route=%2Fwp%2Fv2%2Fmedia&parent=66"}],"curies":[{"name":"wp","href":"https:\/\/api.w.org\/{rel}","templated":true}]}}